at is the remainder when 13 is divided by b(0)?
6
Let g = 6 + -4. Let f(s) = -3*s - 1. What is the remainder when f(-3) is divided by (2 - (g + -1))*5?
3
Let v(q) = -q**2 - 9*q + 14. What is the remainder when 9 is divided by v(-10)?
1
Suppose -5*i = -p + 3 + 23, -i = 3*p - 142. Suppose -40 = -3*o + 8. Calculate the remainder when p is divided by o.
14
Let j(c) = -c**3 + 20*c**2 - 18*c - 5. What is the remainder when 49 is divided by j(19)?
7
Let a(b) = -3*b - 14. What is the remainder when 36 is divided by a(-12)?
14
Suppose 2*z + m - 6 = -1, -z = 2*m - 1. Suppose 5*p = h + 2, 2*p + 0*h = z*h - 7. Calculate the remainder when 13 is divided by (8/(-2))/(p/(-2)).
5
Let a = 5 + 4. What is the remainder when ((-8)/(-10))/((-2)/(-65)) is divided by a?
8
Suppose 3*w - 34 + 10 = 0. Calculate the remainder when w is divided by 3.
2
Suppose -3*j = 112 - 22. Let u be -2 - ((1 - 4) + 12). Let n = u - j. Calculate the remainder when 36 is divided by n.
17
Let g(b) = b**2 - 9*b + 12. Calculate the remainder when 1*-1 + (17 - 6) is divided by g(8).
2
Suppose -5*u = -0*w + 2*w - 85, 50 = 4*u - 2*w. Calculate the remainder when u is divided by 6.
3
Let b = 6 - 3. Suppose -2*i + 50 = b*g, 5*i = -4*g + i + 60. Calculate the remainder when g is divided by 11.
9
Let v = 21 - 6. What is the remainder when 29 is divided by v?
14
Let p = 17 - 11. Let a = 0 - -3. What is the remainder when p is divided by a?
0
Suppose -4*d = 5*j - 397, 2*d + d = j - 68. Calculate the remainder when j is divided by 27.
23
Calculate the remainder when -1 + -1 + (19 - -170) is divided by 38.
35
Suppose -3*w + u = -u - 52, 4*w = 4*u + 68. What is the remainder when 48 is divided by w?
12
Suppose 7*r + 6 = 10*r. Suppose 64 = 4*u + a, -r*u = -3*u + 2*a + 25. Calculate the remainder when u is divided by 5.
2
Calculate the remainder when 66 is divided by 1755/105 - (-2)/7.
15
Suppose -4*c = -81 + 17. Let k(i) = -i**3 - 10*i**2 + 11*i + 1. Let w be k(-11). Let y = 7 - w. What is the remainder when c is divided by y?
4
Suppose -58 = -2*x - h, 0 = 3*x - 2*h - h - 87. What is the remainder when x is divided by 10?
9
Let h = -9 + 35. Let s = 271 + -264. Calculate the remainder when h is divided by s.
5
Let k be 6/(-10) + (-4)/10. Calculate the remainder when (1 - k/1)*11 is divided by 1 + 3 + -2 + 6.
6
Suppose -2*n + 3 = -4*i - 13, 0 = n + 4*i + 4. Let o(f) = 4*f - 6. Let a = -4 - -7. What is the remainder when o(a) is divided by n?
2
What is the remainder when 22 is divided by (-75)/(-5) - 3*1?
10
Suppose -3746 = 3*h + 5*k, -4*h - 5000 = 2*k + 2*k. What is the remainder when (-6)/(-33) + h/(-11) is divided by 29?
27
Suppose t - 2*s - 11 - 4 = 0, -3*t + 38 = s. What is the remainder when 49 is divided by t?
10
Suppose -3*p + 58 = -5*i, 5*p + 3*i - 52 = -12. Calculate the remainder when 40 is divided by p.
7
Let d(j) = j**3 - 5*j**2 + j + 3. Let f be d(4). Let s(t) = t. Let r be s(f). Calculate the remainder when 4 is divided by 8/(-6)*r/6.
0
Let b(k) = k**3 + 9*k**2 + 6*k - 10. Let j be 4/(-10) + (-34)/(-10). Suppose -37 = j*i - 13. Calculate the remainder when b(i) is divided by 4.
2
Suppose 63*m - 64*m + 15 = 0. Calculate the remainder when m is divided by 2.
1
What is the remainder when (-6)/27 - 1360/(-45) is divided by 11?
8
Let o = -69 + 91. Calculate the remainder when 86 is divided by o.
20
Suppose -2*m + a + 123 = 0, 3*m = 5*a - 2*a + 183. Calculate the remainder when m is divided by 16.
14
Let g(m) = -2*m**3 - m**2 + 3*m + 3. Suppose -5*p - c + 4*c = -55, c = 2*p - 23. What is the remainder when p is divided by g(-2)?
5
Suppose -3*u - u - 44 = 0. Let t = 24 + u. Let f = 10 + -3. What is the remainder when t is divided by f?
6
Let k(c) = 48*c + 1. Let r be k(1). Let a = r - 30. What is the remainder when a is divided by (-4)/(-14) + 136/14?
9
Let b(m) = -13*m + 3. Suppose 3*v + 3 = 0, 2*v + 3*v - 1 = s. Calculate the remainder when b(s) is divided by 21.
18
Let s = 17 - 1. What is the remainder when 30 - (-2 + (-2)/(-1)) is divided by s?
14
Suppose 0 = -2*o - 2*o + 56. Suppose 5*z - 123 = -3*p - 10, 2*p - 3*z = 88. Calculate the remainder when p is divided by o.
13
Suppose 6*i + 13 = -2*l + i, -l - i - 5 = 0. Let u = 7 + l. Suppose -7*y + u*y = -68. Calculate the remainder when 50 is divided by y.
16
Suppose -2*d - 15 = -5*x, 0*d + d - 3 = -x. Suppose 36 = x*u + u. Calculate the remainder when u is divided by 5.
4
Let d(p) = 4*p**2 + 3*p - 11*p - 3*p**2 + 0*p**2 + 5. Let t be d(9). Calculate the remainder when 28 is divided by t + (-1 - 4/(-2)).
13
Let b be (6/4)/(4/8). Let j = 8 - b. Calculate the remainder when j is divided by 3.
2
Let j(i) = -3*i - 16. Calculate the remainder when j(-21) is divided by 10.
7
Let k(w) = w**2 - 5*w + 6. Let u be k(4). Suppose -25 = -3*x + u. Let c(r) = -r + 13. Calculate the remainder when c(-11) is divided by x.
6
Suppose -2*i + 55 = -13. Calculate the remainder when i is divided by 92/5 - (-2)/(-5).
16
Let k(d) = 30*d**2 + 3 - 2 + 5*d - 6*d - d. Calculate the remainder when k(1) is divided by 10.
9
Let a(w) = w**3 + 7*w**2 - 11*w - 1. Calculate the remainder when 44 is divided by a(-8).
21
Suppose -12 = -k + 3. Calculate the remainder when k is divided by 8.
7
Suppose -2*v + 38 + 40 = 0. What is the remainder when v is divided by -5*(-1)/((-2)/(-4))?
9
Suppose 4*k + 19 - 74 = -5*s, 5*k - s - 47 = 0. What is the remainder when k is divided by 3?
1
Suppose 63*a + 64 = 67*a. What is the remainder when a is divided by 11?
5
Let t(w) = w**2 + 7*w - 7. Let d be ((-2)/8)/((-2)/16). Suppose 3*y = 12, 5*h - 137 = 2*h - d*y. Calculate the remainder when h is divided by t(-9).
10
Let w(t) = t**3 - 8*t**2 + 7*t - 5. Let l be w(8). Let v = l + -16. Calculate the remainder when v is divided by 12.
11
Let j = -56 - -83. What is the remainder when j is divided by 15?
12
Let w = 38 + -34. What is the remainder when w is divided by 3?
1
Let b = 3 + 50. Suppose 2*p + 2 = 0, -4*i - 35 = -6*i - 3*p. Let t = i - 1. What is the remainder when b is divided by t?
17
Let r(p) = -p**3 + 9*p**2 - 5*p - 11. Let d(y) = -y + 2. Calculate the remainder when r(8) is divided by d(-6).
5
Suppose -4*h + 0*h = -20. Suppose -4*r + s + 54 = 0, -r - 5*s + 23 = -1. Calculate the remainder when r is divided by h.
4
Let p(b) = -b**3 - 12*b**2 + b + 16. Let c be p(-12). Suppose 2 = s + 7, c*s = -4*v + 108. Calculate the remainder when v is divided by 11.
10
Let k = 198 - 184. Calculate the remainder when 207 is divided by k.
11
Let j(o) = o**3 - 4*o**2 - 7*o - 6. Let g be 25/4 + 1/(-4). What is the remainder when j(g) is divided by 13?
11
Let d = 1 - -13. Calculate the remainder when 40 is divided by d.
12
Let w = -84 - -151. Calculate the remainder when w is divided by 36.
31
Suppose 0 = -9*n + 7*n + 8. Suppose -n*p = -51 - 41. Let j = -9 + 22. Calculate the remainder when p is divided by j.
10
Let z = 93 + -46. Suppose 0 = -3*u + 2*d + 56, -3*u = 2*u - 5*d - 100. What is the remainder when z is divided by u?
15
Suppose b + b + 5*z - 19 = 0, -11 = -4*b - z. Suppose -24 = -b*j - 4. What is the remainder when 39 is divided by j?
9
Suppose 3*f - 40 = 2*f. Calculate the remainder when f is divided by 14.
12
Suppose 2 = -2*c, -c - 2 - 5 = -v. Suppose v = 2*a - 4. What is the remainder when a is divided by 2?
1
Let l = 0 + 1. Let y be (4 - 4) + 4*l. Suppose 5*u - 60 = -5*g, -y*u + 3 = -2*g - 57. What is the remainder when u is divided by 5?
4
Let t(d) = -d**2 - 15*d - 16. Let p be t(-14). Calculate the remainder when (-425)/(-9) - (-6)/(-27) is divided by (43 + 5)*p/(-6).
15
Suppose h = -3*h + 56. Calculate the remainder when 27 is divided by h.
13
Suppose -2*z - 3*n = -101, -4*z + 4*n - 3*n = -237. Calculate the remainder when z is divided by 15.
13
Let q(w) = -w + 5. Suppose 4*s + 7 = 19, -5*s = -x - 11. Let c be q(x). What is the remainder when 34 is divided by (2 - (-15 + -1))/c?
16
What is the remainder when (-17)/(-3) - 2/(-6) is divided by -5*6/(-5) + -2?
2
Let v be 3 + 13 + -3 + 0. Suppose 0 = a - v - 23. Suppose 0 = b + 2*g - a, -3*g + 7 = b - 30. What is the remainder when b is divided by 9?
7
Let m(q) = 2*q + 7. Let i be m(-8). Let k = -6 - i. Calculate the remainder when 11 is divided by k.
2
Suppose -15*p + 18*p - 132 = 0. Calculate the remainder when p is divided by 23.
21
Let d(g